 299847?
8
What is the millions digit of 31389151?
1
What is the units digit of 253963?
3
What is the millions digit of 18449507?
8
What is the hundred thousands digit of 599942?
5
What is the hundred thousands digit of 43060145?
0
What is the tens digit of 55811?
1
What is the hundred thousands digit of 8467358?
4
What is the thousands digit of 62814?
2
What is the hundred thousands digit of 1061128?
0
What is the millions digit of 1616262?
1
What is the units digit of 2287820?
0
What is the ten thousands digit of 15780322?
8
What is the hundreds digit of 1568432?
4
What is the tens digit of 371951?
5
What is the hundreds digit of 4825161?
1
What is the units digit of 47320?
0
What is the hundreds digit of 1611931?
9
What is the tens digit of 47478?
7
What is the hundreds digit of 84670?
6
What is the units digit of 23404937?
7
What is the ten thousands digit of 129114?
2
What is the hundred thousands digit of 694845?
6
What is the tens digit of 138006?
0
What is the hundreds digit of 1785315?
3
What is the hundred thousands digit of 328962?
3
What is the millions digit of 1133722?
1
What is the tens digit of 45043?
4
What is the hundred thousands digit of 14322982?
3
What is the units digit of 14052?
2
What is the thousands digit of 979664?
9
What is the ten thousands digit of 2396985?
9
What is the millions digit of 30575021?
0
What is the hundred thousands digit of 278521?
2
What is the hundreds digit of 839503?
5
What is the ten thousands digit of 836134?
3
What is the ten thousands digit of 29993446?
9
What is the thousands digit of 6446835?
6
What is the tens digit of 141040?
4
What is the tens digit of 150696?
9
What is the ten thousands digit of 151375?
5
What is the ten thousands digit of 3816021?
1
What is the hundred thousands digit of 21772056?
7
What is the thousands digit of 884796?
4
What is the hundreds digit of 85287?
2
What is the ten thousands digit of 72702?
7
What is the hundreds digit of 12600?
6
What is the millions digit of 14408041?
4
What is the thousands digit of 23021?
3
What is the millions digit of 1929437?
1
What is the ten thousands digit of 3573949?
7
What is the hundreds digit of 10937671?
6
What is the hundred thousands digit of 912234?
9
What is the thousands digit of 1689479?
9
What is the ten thousands digit of 74695?
7
What is the tens digit of 3644786?
8
What is the units digit of 58035?
5
What is the tens digit of 487529?
2
What is the units digit of 23138295?
5
What is the ten thousands digit of 10101667?
0
What is the hundred thousands digit of 196008?
1
What is the thousands digit of 252170?
2
What is the millions digit of 2482500?
2
What is the units digit of 2295065?
5
What is the tens digit of 18796?
9
What is the units digit of 1275345?
5
What is the ten thousands digit of 9495457?
9
What is the ten thousands digit of 3976777?
7
What is the tens digit of 45647?
4
What is the hundred thousands digit of 1231048?
2
What is the tens digit of 6394297?
9
What is the hundred thousands digit of 332369?
3
What is the hundred thousands digit of 30419286?
4
What is the hundreds digit of 194683?
6
What is the hundred thousands digit of 8520207?
5
What is the tens digit of 933974?
7
What is the hundreds digit of 9667992?
9
What is the tens digit of 3744446?
4
What is the ten thousands digit of 503969?
0
What is the hundreds digit of 749127?
1
What is the ten millions digit of 14413480?
1
What is the tens digit of 1434635?
3
What is the thousands digit of 3429790?
9
What is the ten thousands digit of 22595245?
9
What is the millions digit of 2211396?
2
What is the thousands digit of 18144755?
4
What is the ten thousands digit of 419537?
1
What is the hundreds digit of 3272473?
4
What is the hundreds digit of 396108?
1
What is the hundred thousands digit of 9719517?
7
What is the thousands digit of 158391?
8
What is the units digit of 793460?
0
What is the tens digit of 162260?
6
What is the thousands digit of 32582505?
2
What is the units digit of 184400?
0
What is the thousands digit of 199341?
9
What is the millions digit of 1030383?
1
What is the hundreds digit of 1334772?
7
What is the tens digit of 516857?
5
What is the ten thousands digit of 364151?
6
What is the hundred thousands digit of 2288199?
2
What is the units digit of 525733?
3
What is the units digit of 197025?
5
What is the units digit of 2127454?
4
What is the hundreds digit of 100035?
0
What is the tens digit of 88812?
1
What is the millions digit of 8230483?
8
What is the hundred thousands digit of 624445?
6
What is the hundreds digit of 251752?
7
What is the thousands digit of 1357625?
7
What is the hundreds digit of 28786764?
7
What is the hundreds digit of 924157?
1
What is the tens digit of 1870203?
0
What is the ten thousands digit of 56526?
5
What is the units digit of 6316?
6
What is the units digit of 15697302?
2
What is the millions digit of 2458103?
2
What is the hundred thousands digit of 358269?
3
What is the hundreds digit of 1820203?
2
What is the hundreds digit of 1257225?
2
What is the tens digit of 1102827?
2
What is the thousands digit of 1645446?
5
What is the ten thousands digit of 170593?
7
What is the hundreds digit of 326352?
3
What is the units digit of 800481?
1
What is the hundred thousands digit of 902894?
9
What is the hundred thousands digit of 681244?
6
What is the tens digit of 186711?
1
What is the ten millions digit of 16677478?
1
What is the tens digit of 7431?
3
What is the tens digit of 122665?
6
What is the thousands digit of 350364?
0
What is the ten millions digit of 33310451?
3
What is the units digit of 32376?
6
What is the thousands digit of 90027?
0
What is the hundreds digit of 4039118?
1
What is the thousands digit of 138615?
8
What is the tens digit of 1883549?
4
What is the hundred thousands digit of 709964?
7
What is the ten millions digit of 10738615?
1
What is the millions digit of 2003641?
2
What is the units digit of 252223?
3
What is the hundreds digit of 12104869?
8
What is the ten thousands digit of 874021?
7
What is the hundred thousands digit of 332455?
3
What is the units digit of 831561?
1
What is the ten thousands digit of 318474?
1
What is the units digit of 158025?
5
What is the units digit of 15985305?
5
What is the units digit of 13916124?
4
What is the thousands digit of 9727422?
7
What is the units digit of 423795?
5
What is the ten thousands digit of 173915?
7
What is the ten thousands digit of 394572?
9
What is the ten thousands digit of 4499157?
9
What is the units digit of 11269852?
2
What is the tens digit of 1790171?
7
What is the ten thousands digit of 550032?
5
What is the thousands digit of 8509?
8
What is the millions digit of 4032344?
4
What is the ten thousands digit of 15015429?
1
What is the thousands digit of 7715160?
5
What is the units digit of 120030?
0
What is the units digit of 13415220?
0
What is the thousands digit of 2574254?
4
What is the millions digit of 21288508?
1
What is the hundreds digit of 195314?
3
What is the units digit of 17039393?
3
What is the ten thousands digit of 15928823?
2
What is the hundred thousands digit of 916992?
9
What is the millions digit of 3358760?
3
What is the tens digit of 510660?
6
What is the hundreds digit of 1698889?
8
What is the hundred thousands digit of 24106486?
1
What is the hundreds digit of 123228?
2
What is the thousands digit of 5148969?
8
What is the units digit of 50666?
6
What is the hundred thousands digit of 6031553?
0
What is the thousands digit of 384819?
4
What is the thousands digit of 492355?
2
What is the hundred thousands digit of 5299884?
2
What is the hundreds digit of 16972?
9
What is the hundreds digit of 24214202?
2
What is the hundred thousands digit of 3905312?
9
What is the ten thousands digit of 405577?
0
What is the units digit of 1608476?
6
What is the units digit of 31979229?
9
What is the units digit of 1633586?
6
What is the units digit of 14580192?
2
What is the units digit of 388280?
0
What is the hundreds digit of 276227?
2
What is the ten thousands digit of 2896139?
9
What is the thousands digit of 254479?
4
What is the hundreds digit of 114275?
2
What is the units digit of 128936?
6
What is the ten thousands digit of 6888614?
8
What is the tens digit of 14394?
9
What is